eatest common factor of w and l.
3
Let r = 53 - 34. Let a = r - 1. Suppose -2*t + 4 = -8. Calculate the highest common divisor of a and t.
6
Let x(b) = 7*b - 22*b**2 + 15 + 11*b**2 + 12*b**2. Let y be x(-6). Calculate the greatest common factor of 18 and y.
9
Let b = 200 - 192. Let i(p) = 4*p - 8. Let q be i(7). Calculate the greatest common factor of q and b.
4
Let z be 54/7 - (-16)/56. Calculate the highest common divisor of 120 and z.
8
Let q = 36 - 17. Let d be 2 + (q - -3) + -4. Let k(c) = -c**2 + 7*c + 10. Let n be k(7). What is the highest common divisor of n and d?
10
Let t(j) = -j**3 + 9*j**2 + 72*j - 416. Let r be t(5). Let w = 3 - 0. Suppose -2*m - w = -11. What is the highest common factor of r and m?
4
Suppose 2*u = 7*u - 20. Let v = 194 + -158. What is the highest common divisor of u and v?
4
Let s be (-4)/(-14) + 20/(-70). Suppose 7*f - 3*f - 176 = s. Let l be 6/(15/6 + -1). Calculate the greatest common factor of f and l.
4
Let s = 25 - 18. Let y(l) = -3*l + 17. Let x be y(s). Let o(h) = 20*h**2 + 2*h + 7. Let b be o(x). Calculate the highest common factor of 29 and b.
29
Suppose 6*o + 5760 = 26*o. Calculate the highest common factor of 36 and o.
36
Let h = 102 + -96. Calculate the greatest common divisor of 150 and h.
6
Let t(m) = -13*m - 6. Let r be t(-6). What is the greatest common factor of r and 18?
18
Suppose -2*i = -2*p - 52, 12*i - 100 = 8*i + 3*p. What is the highest common factor of 77 and i?
11
Let r be (-48)/(-96)*((-30)/(-2) + -1). Let v be (14/(-5))/((-4)/10). Calculate the greatest common factor of r and v.
7
Let v = -2 - -5. Let j be 4 + 4/12*-3. Suppose w - 27 = 2*u, -5*w + 2*u + 54 = -j*w. Calculate the greatest common factor of w and v.
3
Let m(l) = 2*l**3 + 5*l**2 + 3*l - 2. Let p be m(-2). Let s be (1 - 2)*(-4 + 0). Let w be (-666)/p - 6/s. Calculate the highest common factor of 15 and w.
15
Let s = 11 + -5. Let q be (-4)/(2*s)*9. Let v be ((-8)/q)/(14/105). Calculate the greatest common factor of v and 10.
10
Suppose -2*t + 74 = 8. Let x = t - 25. Let z = x - -37. What is the greatest common factor of 15 and z?
15
Suppose 1243 = 13*t - 265. What is the greatest common divisor of 377 and t?
29
Let n = -138 + 140. Let r be (n/6)/((15/(-3))/(-780)). Calculate the highest common factor of r and 78.
26
Suppose -4*c + 3*c + 10 = g, 0 = -g + 3. Calculate the highest common factor of c and 2.
1
Suppose 4*w - i = 817, -2*w - i + 417 = 4. Suppose 0 = 3*k - w + 61. Suppose 0 = 3*y + y - k. What is the greatest common factor of 3 and y?
3
Let p(m) = 18*m - 510. Let l be p(32). Calculate the greatest common divisor of 2739 and l.
33
Let b = 57 + -51. Let r be (-4)/b + (-121)/(-33) + 19. What is the highest common divisor of 22 and r?
22
Let u be (-255)/(-12) + (-2)/8. Let x = 690 + -522. What is the highest common divisor of u and x?
21
Suppose 20 = 2*u + 3*u. Suppose -u*k = k - 15. What is the greatest common factor of 3 and k?
3
Suppose -132*x + 133*x - 97 = 3*c, -2*c + 458 = 4*x. Calculate the greatest common divisor of 49 and x.
7
Suppose 0 = -4*q - 4*h - 12, -2*q - 2*q - 2*h - 6 = 0. Suppose 9*v = -q*v + 99. Calculate the greatest common divisor of 88 and v.
11
Let i(z) be the third derivative of -z**6/60 - 7*z**5/60 + 11*z**4/24 + 5*z**3/3 - 29*z**2. Let l be i(-6). Calculate the greatest common divisor of l and 31.
31
Let n be (-1)/1 + (-2 - -10). Let w = 7 - -70. What is the greatest common factor of w and n?
7
Let n(a) = -43*a - 75. Let p be n(-2). Let u be (2/4)/((-2)/(-4)). What is the greatest common divisor of u and p?
1
Let t be (-120)/(-15) + -1*3. Suppose -t*x - 5*q + 5 = 0, q = -x + 4*x - 7. What is the highest common divisor of 8 and x?
2
Suppose 4*q = 47 + 73. Let u = 172 + -92. Suppose 3*z - u = -4*r, 0*z = -z - 3*r + 35. Calculate the highest common divisor of z and q.
10
Suppose -4*b - 522 = -2*b. Let v = 381 + b. What is the greatest common divisor of 15 and v?
15
Suppose 4*z - 4 = 5*u - 16, 3*z = 3*u - 6. Suppose 9 - 41 = -z*c. Calculate the highest common factor of 40 and c.
8
Let p(x) = 32*x - 97. Let c be p(6). What is the highest common divisor of c and 114?
19
Let h = 860 + -387. What is the greatest common divisor of 86 and h?
43
Suppose 0 = 7*i - 3*i. Suppose 4*w - b - 4 = 0, -5*w - 2*b + 6 - 14 = i. Suppose -3*a - 32 + 137 = w. Calculate the greatest common factor of a and 14.
7
Let i = -1677 - -2013. What is the greatest common factor of 210 and i?
42
Let y be (-6460)/(-100) + 4/10 + -1. Calculate the greatest common factor of 288 and y.
32
Let f be (10/15)/((-1)/(-141)). Suppose -2*n = 5*i - 89, -3*n = -2*i - f - 68. Suppose l - 5*l = -n. What is the greatest common factor of 117 and l?
13
Suppose -3*r = 2*r - 20. Suppose -131 = -r*n - 15. Calculate the highest common divisor of n and 145.
29
Let u = 15 - 11. Suppose 3*y - 5*p - 3 = 4*y, -u*p + 36 = -4*y. Let v be (-3 - (-4)/(-16))*y. Calculate the highest common divisor of 78 and v.
26
Suppose 0 = -4*b - 43 + 7. Let v = 7 - b. Suppose -2*r = 51*i - 53*i + 72, -5*i = -2*r - 168. What is the highest common factor of i and v?
16
Let t be (1/(-1))/(-1) + -41. Let y be (-528)/t - (-4)/5. Calculate the greatest common divisor of y and 56.
14
Let z(i) = -2*i**3 - 6*i**2 + 2*i + 16. Let s be z(-6). Calculate the highest common divisor of 4 and s.
4
Let v be ((-6)/3)/2*70. Let h be v/(-20)*12/14. Suppose -276 = -h*r + 21. Calculate the highest common divisor of 11 and r.
11
Let p(z) = -2*z - 9. Let k be p(-6). Suppose -k*g + 119 = 4*g. Let u(t) = t**3 - 4*t**2 + t + 7. Let x be u(6). What is the greatest common factor of g and x?
17
Suppose -3*f = q - 124, -172 = f - 5*f + 2*q. Suppose 3*j - f = -h, -2*j - 4*h + 11 = -17. Calculate the greatest common divisor of j and 98.
14
Let p(l) = -87*l - 417. Let x be p(-6). What is the highest common divisor of 15 and x?
15
Suppose 2*x + 5*x = -7. Let v be (x/3)/((-3)/27) - -132. Calculate the highest common divisor of 15 and v.
15
Let m(b) = -5*b**2 - 10*b + 6. Let f be m(-5). Let z = 74 + f. Calculate the highest common divisor of z and 5.
5
Let p(q) be the third derivative of -q**4/24 - q**3/2 + 8*q**2. Let s be p(-13). Calculate the greatest common factor of s and 10.
10
Let c(v) = -4*v - 54. Let j be c(-16). What is the greatest common factor of 10 and j?
10
Let o = 121 + -130. Let v(x) = -x**2 - 9*x - 5. Let j be v(-6). Let l = o + j. What is the greatest common factor of l and 2?
2
Let c be (-62)/(-7)*(5/5 + 6). Calculate the greatest common divisor of 620 and c.
62
Let b be 10/2 - 110*-7. What is the highest common factor of 31 and b?
31
Let j = -969 - -992. What is the highest common divisor of j and 1?
1
Let a(h) = -16*h**3 - 3*h**2 - 2*h. Let d be a(-1). Let k be (-1)/((-3)/(-222)*2). Let z = 112 + k. Calculate the greatest common divisor of z and d.
15
Suppose 230 = 5*o - 2*g, 3*g + 137 = 3*o + 2*g. What is the highest common divisor of o and 2?
2
Let p = 1603 - 1558. Calculate the greatest common factor of p and 720.
45
Let v(z) = 21*z - 17. Let a(k) = -k**3 - 2*k**2 + 6*k - 3. Let r be a(-4). Let u be v(r). Calculate the highest common factor of u and 11.
11
Let p = 13 + -9. Let c(i) = i - 9*i + p*i + 0*i. Let r be c(-1). What is the greatest common divisor of r and 12?
4
Let t(n) = n**3 + n**2 - n + 1. Let h be t(1). Let s be 104/6 + h/3. Let y be (-432)/14*(-126)/27. What is the highest common factor of y and s?
18
Let x(o) = -13*o - 2. Let r be x(-5). Let z(w) = -6*w**2 - 64*w + 132. Let j be z(-12). Calculate the greatest common divisor of j and r.
9
Let t(o) = 181*o**3 + 7*o**2 - 18*o + 6. Let j be t(2). What is the highest common divisor of j and 6?
6
Let r = -406 + 415. What is the highest common divisor of 12 and r?
3
Let q(a) = -a**3 - 4*a**2 - 2*a. Let c be q(-6). Suppose -864 = -39*w + 3*w. What is the highest common divisor of w and c?
12
Let d = 47 + -27. Suppose -6 = 2*r, -5*y - 3*r - r = -8. Suppose -2*q = y*p - 118, 4*p = -p - 3*q + 147. What is the highest common factor of p and d?
10
Suppose 104 = -f + 9*f. Calculate the highest common factor of 325 and f.
13
Let k be 1/2 + 10/180*9. Let q be (22 - 21)/(k/91). What is the greatest common factor of q and 26?
13
Let k = 22 - -24. Suppose 6 = b + 2*b. Suppose -k = -4*y + b. Calculate the highest common divisor of 132 a